 + 15/6)*d. Suppose -2*m = 8, a*f + 3*m - 20 = -0*m. What is the units digit of f?
8
What is the hundreds digit of -2 - (1/2 - 831/6)?
1
Let q be ((-32)/(-40))/(1/(-5)). Let v = q + 68. Suppose 10 = -3*g + v. What is the tens digit of g?
1
Suppose 4*f = -0 + 48. Let m = -22 + 32. Let j = m + f. What is the units digit of j?
2
Suppose 0 = -4*t + y + 254, 0 = -3*t - 2*y - 3*y + 179. What is the units digit of t?
3
What is the units digit of (-5)/(20/(-8)) - 18/(-1)?
0
Let d be 4 - (0/2 - -2). Suppose -d = -a - 0. What is the units digit of a?
2
Let x(w) = -w**2 - 8*w - 5. Suppose -35 = -5*b - 5*u, -5*b + 13 = 4*u - 19. Suppose -3*g = -4*m - 7 - 32, 0 = 4*m + 4*g + b. What is the units digit of x(m)?
7
Let t be (2 + -1)*(-23 + 0). Let s = 38 + t. What is the units digit of s?
5
Let q be (-16)/(-12) + (-5)/(-3). Let y(w) = 4*w**2 + 2*w + 2. What is the units digit of y(q)?
4
What is the units digit of 7/21 - (-29)/3?
0
Let w be 48/18*(-9)/4. Let p(o) = -o**3 - 6*o**2 - o - 3. What is the units digit of p(w)?
3
What is the units digit of ((-8)/(-20))/((-4)/(-10))?
1
Let g(n) = -n. Let u be g(-4). Suppose k + 187 = 5*p, p = u*k - 0*k + 26. What is the units digit of p?
8
Let p(f) = 3*f + 3. What is the units digit of p(7)?
4
Let v be -35*(-1 - (-6)/3). Let p = -24 - v. What is the tens digit of p?
1
Let v = 0 - 0. Suppose 32 = 3*i - 2*i - 5*n, v = 4*i + 4*n - 80. Let c = i + -11. What is the units digit of c?
1
Suppose z + 3*i + 6 = 0, -3*i + 0*i - 6 = -3*z. Suppose 5*p + 9 + 1 = z. Let h(v) = -4*v + 2. What is the tens digit of h(p)?
1
Suppose 2*w - 3*w + 45 = 0. Let a be w*4/6 - 1. Let f = a - 11. What is the tens digit of f?
1
Suppose 2*n + 4*k = 54, 5*n - 4*n - 6 = 5*k. What is the units digit of n?
1
Let o = 12 + -1. Let a = -10 + o. What is the units digit of a?
1
Let z(b) = -b**3 + 7*b**2 - 2*b - 5. Suppose v + 10 = 3*v. What is the units digit of z(v)?
5
Suppose u = 5*u - 132. What is the tens digit of u?
3
Suppose -g = 5*z - 228, -g = -9*z + 4*z + 232. What is the units digit of z?
6
Suppose 2*a - 32 = -5*w, -3*a = a - 4. What is the units digit of w?
6
Let y(b) = 7*b**2 - 11*b - 13. Let f(a) = -4*a**2 + 6*a + 7. Let h(q) = 5*f(q) + 3*y(q). Let x be h(4). What is the units digit of (x - 1/1) + 3?
2
Let n = 37 - 19. What is the units digit of n?
8
What is the units digit of ((-14)/(-3))/(-4*4/(-24))?
7
Let v be ((-84)/18)/((-2)/(-6)). What is the units digit of 4/6 - v/6?
3
Suppose -985 = -8*r - 161. What is the units digit of r?
3
Suppose 364 = -0*k + 4*k. What is the units digit of k?
1
Let k = -410 + 648. What is the units digit of k?
8
Let m = 32 + -26. What is the units digit of m?
6
Let g(l) = l**3 + 6*l**2 - 3*l. What is the units digit of g(-3)?
6
Suppose 0 = -4*c + 5 + 15. Suppose 0 = -3*y + 4*b + 168, 4*y + c*b - 141 = y. Suppose 5*z + 3*d - y = -0*z, 3*z + d = 32. What is the units digit of z?
1
Suppose -4*r + 6 + 25 = -5*g, 2*r + 2*g = 20. What is the units digit of r?
9
Suppose 3*l = -2*g + 18, -4*l + 5*g + 4 = g. Suppose -l*y + 9 = -43. What is the units digit of y?
3
Let u = -13 + 17. Let d(k) = -k**3 + 6*k**2 - k - 5. What is the units digit of d(u)?
3
What is the tens digit of (-846)/(-10) + 16/40?
8
Suppose -5*j + 44 = -41. What is the units digit of j?
7
Let r(w) be the first derivative of w**4/4 + w**2/2 + 36*w + 1. What is the tens digit of r(0)?
3
Suppose 0 = -0*z + 5*z - 20. Suppose 4 = z*v - 4. Suppose 0 = -v*f + f + 8. What is the units digit of f?
8
Let u(h) = 5*h - 3. Let w(b) = b**2 - b - 7. Let o be w(-5). Suppose 3*t + a - 1 - 8 = 0, 0 = -5*t + a + o. What is the tens digit of u(t)?
1
Suppose 0 = -4*p + 5*z + 255, -p - 2*p + z = -205. What is the units digit of p?
0
Suppose -5*z + 0 - 22 = 4*t, 3*t + 2*z = -13. Let v = t - -12. Let h = -3 + v. What is the units digit of h?
6
Suppose -4*i - 4*g + 5*g = -1240, -20 = 5*g. What is the units digit of i?
9
Let g(u) = 18*u**2 - 6*u - 5. What is the tens digit of g(-2)?
7
Suppose -u + 3*r + 21 = 0, 7*r + 1 = -4*u + 2*r. Let f = 1 + -3. Let p = f + u. What is the units digit of p?
4
Let j(o) = -4*o - 3. What is the units digit of j(-16)?
1
Suppose 3*z = -z + 16. Suppose -5*g = z*u - 96, u + 4*u - 107 = -3*g. What is the tens digit of u?
1
Let q(i) = 5*i**3. Let h = 0 - -6. Let c(t) = t**3 - 5*t**2 - 6*t + 1. Let r be c(h). What is the units digit of q(r)?
5
Suppose -4*j - 2*w = 26, 0 = 5*j + 2*w + 2*w + 25. What is the units digit of 12/j*(-3)/2?
2
Suppose 0*f + 8 = v - f, 5*v + 5*f = 0. Suppose -v*a - a = -55. What is the tens digit of a?
1
Let j(z) = z**3 + 7*z**2 + 5*z + 10. Let o be j(-8). What is the units digit of (-3)/(-2) - o/4?
5
Let v = -41 - -60. What is the units digit of v?
9
Suppose 5*s - 44 = 4*d + 37, 0 = -2*s + 4*d + 30. What is the units digit of s?
7
Suppose -4*k + 2*g + 101 = 5*g, g = -2*k + 49. Suppose -k = -w - 3. What is the units digit of w?
0
What is the hundreds digit of ((-30)/4 - -7)/((-1)/318)?
1
What is the tens digit of (-136)/(-3) - (-14)/21?
4
Let x be (3 - 1) + 1 - -11. Let a = 4 + x. What is the tens digit of a?
1
Suppose -3*s + 30 = -4*s. Suppose 8*q - 3*q + 5 = 0. What is the units digit of s/(-12) - q/(-2)?
2
Suppose 0 = 4*u - 4, -2*j + 2*u + 134 = -40. What is the tens digit of j?
8
Let i = 13 + -12. Let g = i + 15. What is the tens digit of g?
1
Let x(z) = z**2 + 5*z - 3. Let o be x(-5). Let t be (o/(-6))/(3/(-12)). What is the units digit of 5 + -1 + t/(-2)?
5
Let b(k) = -7*k - 9. Let f(d) = 12 + 13 + 20*d + 1. Let l(a) = 17*b(a) + 6*f(a). What is the units digit of l(3)?
6
Suppose h = 5*r + 6 + 6, -r + h = 0. Let b = r + 9. Suppose -b = -4*k + 14. What is the units digit of k?
5
Let f be ((-3)/(-5))/((-3)/(-15)). Suppose 0 = f*a - 9 - 36. What is the tens digit of a?
1
Suppose -2*t + 4*d + 44 = 2*t, 3*t - 2*d = 36. What is the units digit of t?
4
Suppose -3*j + 11 = 5*m - 85, 2*j - m = 77. What is the tens digit of j?
3
Let o(d) = d**3 - 8*d**2 + 11*d - 5. What is the units digit of o(7)?
3
What is the tens digit of 4 - -3*(-16)/(-6)?
1
Let c(i) be the first derivative of i**3/3 + i**2/2 - 4*i + 1. Let b be c(-5). Suppose 4*o = 2*o + b. What is the units digit of o?
8
Let d(f) = f**3 + 8*f**2 - 9*f - 5. Let u be d(-9). Let s(k) = -k - 14. Let j be s(0). Let x = u - j. What is the units digit of x?
9
Let x = -4 + 5. What is the units digit of 28 - 1*(0 - x)?
9
Let k be (2 - 0)*20/(-8)*1. Let c = -17 + 31. Let w = c - k. What is the units digit of w?
9
Let t(y) = 2*y**2 + 4*y - 20. What is the hundreds digit of t(-10)?
1
What is the tens digit of 13/39 - (-3)/(9/410)?
3
Suppose -3*d - 1 = 8. Let l be (d/12)/1*-4. What is the units digit of 2 + 9/(l + 2)?
5
Let n = 10 + -5. Suppose n*t - 14 = -3*b, -t = t - 2. Suppose 0 = b*q + u - 46, u = 2*q - 17 - 12. What is the tens digit of q?
1
Suppose -r - r + 256 = 0. Suppose -29 = 3*b - r. What is the units digit of (-2)/(-11) - (-258)/b?
8
Let d(z) = -14*z + 6 - 5*z**2 + z**2 + 3*z**2 + 4. Let a be d(-10). Let t = a + -35. What is the units digit of t?
5
Let b(s) = -s**3 - 4*s**2 + 4*s - 3. Let h be b(-5). Suppose h*w = n + 56, 5*w - 2*n = -5 + 143. Suppose -3*p + 74 = w. What is the tens digit of p?
1
Let k = -122 + 222. Suppose 0 = u + 2*f - 37, 2*f = -4*u + 6*f + k. What is the tens digit of u?
2
Let q = -15 - -8. Let h = q - -33. What is the tens digit of h?
2
Suppose -3*z - k + 5 + 4 = 0, -4*z + 2*k + 2 = 0. Suppose 4 = 2*n + z. What is the units digit of n/(-5) + (-105)/(-25)?
4
Let b be 9/18 - (-139)/2. Suppose 40 + b = 5*f. What is the tens digit of f?
2
Let i be 4/1 + 0 - 1. Suppose -2*s + 0*s - i*t + 7 = 0, -s - 7 = -2*t. What is the units digit of (5 + s)*1/2?
2
Suppose -2*c + 31 = 7. What is the units digit of c?
2
What is the units digit of ((-392)/(-24))/(2/6)?
9
Let k = -2 - -4. Let b(v) = 2*v**3 - 2*v**2 + 2*v. What is the units digit of b(k)?
2
Suppose 4*v = 5*b + 167, 0 = -v - 5*b + b + 47. What is the tens digit of v?
4
Let o(b) = b**3 + 7*b**2 - 4*b + 3. Let w be o(-8). Let m be 2/9 - w/(-9). What is the units digit of -1 + 2 + m + 5?
3
Let s(g) = -g**2 - 6*g - 6. Let v be s(-5). Let d = 1 - v. Suppose 0 = -4*y + 5*o + 67, -d*o + 53 = 5*y + 2*o. What is the tens digit of y?
1
Suppose -8*m = -4*m - 128. What is the units digit of m?
2
Let a = 25 - 5. Let n(g) = g**